{"id":459,"date":"2023-10-22T20:53:54","date_gmt":"2023-10-22T18:53:54","guid":{"rendered":"https:\/\/rettorisitzmannrealestate.com.py\/?page_id=459"},"modified":"2023-10-25T22:52:42","modified_gmt":"2023-10-25T20:52:42","slug":"descripcion_servicios_radicaciones_en_paraguay","status":"publish","type":"page","link":"https:\/\/rettorisitzmannrealestate.com.py\/?page_id=459","title":{"rendered":"Descripci\u00f3n de Servicios"},"content":{"rendered":"","protected":false},"excerpt":{"rendered":"","protected":false},"author":1,"featured_media":0,"parent":0,"menu_order":0,"comment_status":"open","ping_status":"closed","template":"pricing","meta":{"_joinchat":[],"footnotes":""},"class_list":["post-459","page","type-page","status-publish","hentry"],"yoast_head":"<!-- This site is optimized with the Yoast SEO plugin v26.2 - https:\/\/yoast.com\/wordpress\/plugins\/seo\/ -->\n<title>Descripci\u00f3n de Servicios - Consultora Rettori Sitzmann Asociados Radicaciones en Paraguay<\/title>\n<meta name=\"description\" content=\"Radicaciones en Paraguay descripci\u00f3n de servicios Gestor\u00eda Radicaciones Residencia Obtenci\u00f3n de C\u00e9dula Paraguaya Bienes Ra\u00edces\" \/>\n<meta name=\"robots\" content=\"index, follow, max-snippet:-1, max-image-preview:large, max-video-preview:-1\" \/>\n<link rel=\"canonical\" href=\"https:\/\/rettorisitzmannrealestate.com.py\/?page_id=459\" \/>\n<meta property=\"og:locale\" content=\"es_ES\" \/>\n<meta property=\"og:type\" content=\"article\" \/>\n<meta property=\"og:title\" content=\"Descripci\u00f3n de Servicios - Consultora Rettori Sitzmann Asociados Radicaciones en Paraguay\" \/>\n<meta property=\"og:description\" content=\"Radicaciones en Paraguay descripci\u00f3n de servicios Gestor\u00eda Radicaciones Residencia Obtenci\u00f3n de C\u00e9dula Paraguaya Bienes Ra\u00edces\" \/>\n<meta property=\"og:url\" content=\"https:\/\/rettorisitzmannrealestate.com.py\/?page_id=459\" \/>\n<meta property=\"og:site_name\" content=\"Consultora Rettori Sitzmann Asociados\" \/>\n<meta property=\"article:publisher\" content=\"https:\/\/www.facebook.com\/profile.php?id=100054200813806\" \/>\n<meta property=\"article:modified_time\" content=\"2023-10-25T20:52:42+00:00\" \/>\n<meta name=\"twitter:card\" content=\"summary_large_image\" \/>\n<script type=\"application\/ld+json\" class=\"yoast-schema-graph\">{\"@context\":\"https:\/\/schema.org\",\"@graph\":[{\"@type\":\"WebPage\",\"@id\":\"https:\/\/rettorisitzmannrealestate.com.py\/?page_id=459\",\"url\":\"https:\/\/rettorisitzmannrealestate.com.py\/?page_id=459\",\"name\":\"Descripci\u00f3n de Servicios - Consultora Rettori Sitzmann Asociados Radicaciones en Paraguay\",\"isPartOf\":{\"@id\":\"https:\/\/rettorisitzmannrealestate.com.py\/#website\"},\"datePublished\":\"2023-10-22T18:53:54+00:00\",\"dateModified\":\"2023-10-25T20:52:42+00:00\",\"description\":\"Radicaciones en Paraguay descripci\u00f3n de servicios Gestor\u00eda Radicaciones Residencia Obtenci\u00f3n de C\u00e9dula Paraguaya Bienes Ra\u00edces\",\"breadcrumb\":{\"@id\":\"https:\/\/rettorisitzmannrealestate.com.py\/?page_id=459#breadcrumb\"},\"inLanguage\":\"es\",\"potentialAction\":[{\"@type\":\"ReadAction\",\"target\":[\"https:\/\/rettorisitzmannrealestate.com.py\/?page_id=459\"]}]},{\"@type\":\"BreadcrumbList\",\"@id\":\"https:\/\/rettorisitzmannrealestate.com.py\/?page_id=459#breadcrumb\",\"itemListElement\":[{\"@type\":\"ListItem\",\"position\":1,\"name\":\"Portada\",\"item\":\"https:\/\/rettorisitzmannrealestate.com.py\/\"},{\"@type\":\"ListItem\",\"position\":2,\"name\":\"Descripci\u00f3n de Servicios\"}]},{\"@type\":\"WebSite\",\"@id\":\"https:\/\/rettorisitzmannrealestate.com.py\/#website\",\"url\":\"https:\/\/rettorisitzmannrealestate.com.py\/\",\"name\":\"Consultora Rettori Sitzmann Asociados\",\"description\":\"Radicaciones en Paraguay Rettori Sitzmann Residencia C\u00e9dula Paraguaya Residencia, real estate, asuntos legales\",\"publisher\":{\"@id\":\"https:\/\/rettorisitzmannrealestate.com.py\/#organization\"},\"potentialAction\":[{\"@type\":\"SearchAction\",\"target\":{\"@type\":\"EntryPoint\",\"urlTemplate\":\"https:\/\/rettorisitzmannrealestate.com.py\/?s={search_term_string}\"},\"query-input\":{\"@type\":\"PropertyValueSpecification\",\"valueRequired\":true,\"valueName\":\"search_term_string\"}}],\"inLanguage\":\"es\"},{\"@type\":\"Organization\",\"@id\":\"https:\/\/rettorisitzmannrealestate.com.py\/#organization\",\"name\":\"Consultora Rettori Sitzmann Asociados\",\"url\":\"https:\/\/rettorisitzmannrealestate.com.py\/\",\"logo\":{\"@type\":\"ImageObject\",\"inLanguage\":\"es\",\"@id\":\"https:\/\/rettorisitzmannrealestate.com.py\/#\/schema\/logo\/image\/\",\"url\":\"https:\/\/rettorisitzmannrealestate.com.py\/wp-content\/uploads\/2023\/10\/Logo-Oficial-Rettori-Sitzmann-Consultora.png\",\"contentUrl\":\"https:\/\/rettorisitzmannrealestate.com.py\/wp-content\/uploads\/2023\/10\/Logo-Oficial-Rettori-Sitzmann-Consultora.png\",\"width\":841,\"height\":190,\"caption\":\"Consultora Rettori Sitzmann Asociados\"},\"image\":{\"@id\":\"https:\/\/rettorisitzmannrealestate.com.py\/#\/schema\/logo\/image\/\"},\"sameAs\":[\"https:\/\/www.facebook.com\/profile.php?id=100054200813806\",\"https:\/\/www.instagram.com\/gestoria_rettori_sitzmann\/\",\"https:\/\/www.youtube.com\/@consultorarettorisitzmannyasoc\",\"https:\/\/www.linkedin.com\/in\/sandra-sitzmann-66b0971b8\/\"]}]}<\/script>\n<!-- \/ Yoast SEO plugin. -->","yoast_head_json":{"title":"Descripci\u00f3n de Servicios - Consultora Rettori Sitzmann Asociados Radicaciones en Paraguay","description":"Radicaciones en Paraguay descripci\u00f3n de servicios Gestor\u00eda Radicaciones Residencia Obtenci\u00f3n de C\u00e9dula Paraguaya Bienes Ra\u00edces","robots":{"index":"index","follow":"follow","max-snippet":"max-snippet:-1","max-image-preview":"max-image-preview:large","max-video-preview":"max-video-preview:-1"},"canonical":"https:\/\/rettorisitzmannrealestate.com.py\/?page_id=459","og_locale":"es_ES","og_type":"article","og_title":"Descripci\u00f3n de Servicios - Consultora Rettori Sitzmann Asociados Radicaciones en Paraguay","og_description":"Radicaciones en Paraguay descripci\u00f3n de servicios Gestor\u00eda Radicaciones Residencia Obtenci\u00f3n de C\u00e9dula Paraguaya Bienes Ra\u00edces","og_url":"https:\/\/rettorisitzmannrealestate.com.py\/?page_id=459","og_site_name":"Consultora Rettori Sitzmann Asociados","article_publisher":"https:\/\/www.facebook.com\/profile.php?id=100054200813806","article_modified_time":"2023-10-25T20:52:42+00:00","twitter_card":"summary_large_image","schema":{"@context":"https:\/\/schema.org","@graph":[{"@type":"WebPage","@id":"https:\/\/rettorisitzmannrealestate.com.py\/?page_id=459","url":"https:\/\/rettorisitzmannrealestate.com.py\/?page_id=459","name":"Descripci\u00f3n de Servicios - Consultora Rettori Sitzmann Asociados Radicaciones en Paraguay","isPartOf":{"@id":"https:\/\/rettorisitzmannrealestate.com.py\/#website"},"datePublished":"2023-10-22T18:53:54+00:00","dateModified":"2023-10-25T20:52:42+00:00","description":"Radicaciones en Paraguay descripci\u00f3n de servicios Gestor\u00eda Radicaciones Residencia Obtenci\u00f3n de C\u00e9dula Paraguaya Bienes Ra\u00edces","breadcrumb":{"@id":"https:\/\/rettorisitzmannrealestate.com.py\/?page_id=459#breadcrumb"},"inLanguage":"es","potentialAction":[{"@type":"ReadAction","target":["https:\/\/rettorisitzmannrealestate.com.py\/?page_id=459"]}]},{"@type":"BreadcrumbList","@id":"https:\/\/rettorisitzmannrealestate.com.py\/?page_id=459#breadcrumb","itemListElement":[{"@type":"ListItem","position":1,"name":"Portada","item":"https:\/\/rettorisitzmannrealestate.com.py\/"},{"@type":"ListItem","position":2,"name":"Descripci\u00f3n de Servicios"}]},{"@type":"WebSite","@id":"https:\/\/rettorisitzmannrealestate.com.py\/#website","url":"https:\/\/rettorisitzmannrealestate.com.py\/","name":"Consultora Rettori Sitzmann Asociados","description":"Radicaciones en Paraguay Rettori Sitzmann Residencia C\u00e9dula Paraguaya Residencia, real estate, asuntos legales","publisher":{"@id":"https:\/\/rettorisitzmannrealestate.com.py\/#organization"},"potentialAction":[{"@type":"SearchAction","target":{"@type":"EntryPoint","urlTemplate":"https:\/\/rettorisitzmannrealestate.com.py\/?s={search_term_string}"},"query-input":{"@type":"PropertyValueSpecification","valueRequired":true,"valueName":"search_term_string"}}],"inLanguage":"es"},{"@type":"Organization","@id":"https:\/\/rettorisitzmannrealestate.com.py\/#organization","name":"Consultora Rettori Sitzmann Asociados","url":"https:\/\/rettorisitzmannrealestate.com.py\/","logo":{"@type":"ImageObject","inLanguage":"es","@id":"https:\/\/rettorisitzmannrealestate.com.py\/#\/schema\/logo\/image\/","url":"https:\/\/rettorisitzmannrealestate.com.py\/wp-content\/uploads\/2023\/10\/Logo-Oficial-Rettori-Sitzmann-Consultora.png","contentUrl":"https:\/\/rettorisitzmannrealestate.com.py\/wp-content\/uploads\/2023\/10\/Logo-Oficial-Rettori-Sitzmann-Consultora.png","width":841,"height":190,"caption":"Consultora Rettori Sitzmann Asociados"},"image":{"@id":"https:\/\/rettorisitzmannrealestate.com.py\/#\/schema\/logo\/image\/"},"sameAs":["https:\/\/www.facebook.com\/profile.php?id=100054200813806","https:\/\/www.instagram.com\/gestoria_rettori_sitzmann\/","https:\/\/www.youtube.com\/@consultorarettorisitzmannyasoc","https:\/\/www.linkedin.com\/in\/sandra-sitzmann-66b0971b8\/"]}]}},"_links":{"self":[{"href":"https:\/\/rettorisitzmannrealestate.com.py\/index.php?rest_route=\/wp\/v2\/pages\/459","targetHints":{"allow":["GET"]}}],"collection":[{"href":"https:\/\/rettorisitzmannrealestate.com.py\/index.php?rest_route=\/wp\/v2\/pages"}],"about":[{"href":"https:\/\/rettorisitzmannrealestate.com.py\/index.php?rest_route=\/wp\/v2\/types\/page"}],"author":[{"embeddable":true,"href":"https:\/\/rettorisitzmannrealestate.com.py\/index.php?rest_route=\/wp\/v2\/users\/1"}],"replies":[{"embeddable":true,"href":"https:\/\/rettorisitzmannrealestate.com.py\/index.php?rest_route=%2Fwp%2Fv2%2Fcomments&post=459"}],"version-history":[{"count":1,"href":"https:\/\/rettorisitzmannrealestate.com.py\/index.php?rest_route=\/wp\/v2\/pages\/459\/revisions"}],"predecessor-version":[{"id":764,"href":"https:\/\/rettorisitzmannrealestate.com.py\/index.php?rest_route=\/wp\/v2\/pages\/459\/revisions\/764"}],"wp:attachment":[{"href":"https:\/\/rettorisitzmannrealestate.com.py\/index.php?rest_route=%2Fwp%2Fv2%2Fmedia&parent=459"}],"curies":[{"name":"wp","href":"https:\/\/api.w.org\/{rel}","templated":true}]}}